{"id":5653,"date":"2025-08-19T07:47:00","date_gmt":"2025-08-19T07:47:00","guid":{"rendered":"https:\/\/agoracivica.cat\/activitat\/participation-of-the-conca-in-the-ifacca-member-meeting-and-institutional-reception-of-welcome-within-the-framework-of-mondiacult\/"},"modified":"2025-09-25T13:53:58","modified_gmt":"2025-09-25T13:53:58","slug":"participation-of-the-conca-in-the-ifacca-member-meeting-and-institutional-reception-of-welcome-within-the-framework-of-mondiacult","status":"publish","type":"activitat","link":"https:\/\/agoracivica.cat\/en\/activitat\/participation-of-the-conca-in-the-ifacca-member-meeting-and-institutional-reception-of-welcome-within-the-framework-of-mondiacult\/","title":{"rendered":"Plenary meetings and regional chapter meetings of IFACCA"},"content":{"rendered":"<p>As part of Mondiacult 2025 and \u00c0gora in a network, the International Federation of Arts Councils and Culture Agencies (IFACCA) will hold several meetings in Barcelona, including plenary sessions and meetings of its various regional chapters. The National Council for Culture and Arts of Catalonia (CoNCA), an active affiliate member of IFACCA since 2009, will participate in the meetings and present its work on arts and education during the final plenary session. These activities are supported by CoNCA and the Ministry of Culture. Attendance is restricted to IFACCA members.    <\/p>\n","protected":false},"excerpt":{"rendered":"<p>As part of Mondiacult 2025 and \u00c0gora in a network, the International Federation of Arts Councils and Culture Agencies (IFACCA) will hold several meetings in Barcelona, including plenary sessions and meetings of its various regional chapters.<\/p>\n","protected":false},"featured_media":2776,"template":"","format":[],"meta":{"_acf_changed":false,"_et_pb_use_builder":"","_et_pb_old_content":"","_et_gb_content_width":""},"bloc-activitat":[251],"data":[256],"eix":[116],"franja-horaria":[147],"tipus-activitat":[155],"class_list":["post-5653","activitat","type-activitat","status-publish","has-post-thumbnail","hentry","bloc-activitat-networking","data-28-09-2025-en","eix-others","franja-horaria-afternoon","tipus-activitat-agora-en-xarxa-en"],"acf":[],"yoast_head":"<!-- This site is optimized with the Yoast SEO plugin v26.0 - https:\/\/yoast.com\/wordpress\/plugins\/seo\/ -->\n<title>Plenary meetings and regional chapter meetings of IFACCA - \u00c0gora C\u00edvica<\/title>\n<meta name=\"robots\" content=\"index, follow, max-snippet:-1, max-image-preview:large, max-video-preview:-1\" \/>\n<link rel=\"canonical\" href=\"https:\/\/agoracivica.cat\/en\/activitat\/participation-of-the-conca-in-the-ifacca-member-meeting-and-institutional-reception-of-welcome-within-the-framework-of-mondiacult\/\" \/>\n<meta property=\"og:locale\" content=\"en_US\" \/>\n<meta property=\"og:type\" content=\"article\" \/>\n<meta property=\"og:title\" content=\"Plenary meetings and regional chapter meetings of IFACCA - \u00c0gora C\u00edvica\" \/>\n<meta property=\"og:description\" content=\"As part of Mondiacult 2025 and \u00c0gora in a network, the International Federation of Arts Councils and Culture Agencies (IFACCA) will hold several meetings in Barcelona, including plenary sessions and meetings of its various regional chapters.\" \/>\n<meta property=\"og:url\" content=\"https:\/\/agoracivica.cat\/en\/activitat\/participation-of-the-conca-in-the-ifacca-member-meeting-and-institutional-reception-of-welcome-within-the-framework-of-mondiacult\/\" \/>\n<meta property=\"og:site_name\" content=\"\u00c0gora C\u00edvica\" \/>\n<meta property=\"article:modified_time\" content=\"2025-09-25T13:53:58+00:00\" \/>\n<meta property=\"og:image\" content=\"https:\/\/agoracivica.cat\/wp-content\/uploads\/2025\/07\/Eix_Altres.jpg\" \/>\n\t<meta property=\"og:image:width\" content=\"1080\" \/>\n\t<meta property=\"og:image:height\" content=\"1389\" \/>\n\t<meta property=\"og:image:type\" content=\"image\/jpeg\" \/>\n<meta name=\"twitter:card\" content=\"summary_large_image\" \/>\n<script type=\"application\/ld+json\" class=\"yoast-schema-graph\">{\"@context\":\"https:\/\/schema.org\",\"@graph\":[{\"@type\":\"WebPage\",\"@id\":\"https:\/\/agoracivica.cat\/en\/activitat\/participation-of-the-conca-in-the-ifacca-member-meeting-and-institutional-reception-of-welcome-within-the-framework-of-mondiacult\/\",\"url\":\"https:\/\/agoracivica.cat\/en\/activitat\/participation-of-the-conca-in-the-ifacca-member-meeting-and-institutional-reception-of-welcome-within-the-framework-of-mondiacult\/\",\"name\":\"Plenary meetings and regional chapter meetings of IFACCA - \u00c0gora C\u00edvica\",\"isPartOf\":{\"@id\":\"https:\/\/agoracivica.cat\/#website\"},\"primaryImageOfPage\":{\"@id\":\"https:\/\/agoracivica.cat\/en\/activitat\/participation-of-the-conca-in-the-ifacca-member-meeting-and-institutional-reception-of-welcome-within-the-framework-of-mondiacult\/#primaryimage\"},\"image\":{\"@id\":\"https:\/\/agoracivica.cat\/en\/activitat\/participation-of-the-conca-in-the-ifacca-member-meeting-and-institutional-reception-of-welcome-within-the-framework-of-mondiacult\/#primaryimage\"},\"thumbnailUrl\":\"https:\/\/agoracivica.cat\/wp-content\/uploads\/2025\/07\/Eix_Altres.jpg\",\"datePublished\":\"2025-08-19T07:47:00+00:00\",\"dateModified\":\"2025-09-25T13:53:58+00:00\",\"breadcrumb\":{\"@id\":\"https:\/\/agoracivica.cat\/en\/activitat\/participation-of-the-conca-in-the-ifacca-member-meeting-and-institutional-reception-of-welcome-within-the-framework-of-mondiacult\/#breadcrumb\"},\"inLanguage\":\"en-US\",\"potentialAction\":[{\"@type\":\"ReadAction\",\"target\":[\"https:\/\/agoracivica.cat\/en\/activitat\/participation-of-the-conca-in-the-ifacca-member-meeting-and-institutional-reception-of-welcome-within-the-framework-of-mondiacult\/\"]}]},{\"@type\":\"ImageObject\",\"inLanguage\":\"en-US\",\"@id\":\"https:\/\/agoracivica.cat\/en\/activitat\/participation-of-the-conca-in-the-ifacca-member-meeting-and-institutional-reception-of-welcome-within-the-framework-of-mondiacult\/#primaryimage\",\"url\":\"https:\/\/agoracivica.cat\/wp-content\/uploads\/2025\/07\/Eix_Altres.jpg\",\"contentUrl\":\"https:\/\/agoracivica.cat\/wp-content\/uploads\/2025\/07\/Eix_Altres.jpg\",\"width\":1080,\"height\":1389},{\"@type\":\"BreadcrumbList\",\"@id\":\"https:\/\/agoracivica.cat\/en\/activitat\/participation-of-the-conca-in-the-ifacca-member-meeting-and-institutional-reception-of-welcome-within-the-framework-of-mondiacult\/#breadcrumb\",\"itemListElement\":[{\"@type\":\"ListItem\",\"position\":1,\"name\":\"Inici\",\"item\":\"https:\/\/agoracivica.cat\/\"},{\"@type\":\"ListItem\",\"position\":2,\"name\":\"Plenary meetings and regional chapter meetings of IFACCA\"}]},{\"@type\":\"WebSite\",\"@id\":\"https:\/\/agoracivica.cat\/#website\",\"url\":\"https:\/\/agoracivica.cat\/\",\"name\":\"\u00c0gora C\u00edvica\",\"description\":\"Programa d&#039;activitats\",\"publisher\":{\"@id\":\"https:\/\/agoracivica.cat\/#organization\"},\"potentialAction\":[{\"@type\":\"SearchAction\",\"target\":{\"@type\":\"EntryPoint\",\"urlTemplate\":\"https:\/\/agoracivica.cat\/?s={search_term_string}\"},\"query-input\":{\"@type\":\"PropertyValueSpecification\",\"valueRequired\":true,\"valueName\":\"search_term_string\"}}],\"inLanguage\":\"en-US\"},{\"@type\":\"Organization\",\"@id\":\"https:\/\/agoracivica.cat\/#organization\",\"name\":\"\u00c0gora C\u00edvica\",\"url\":\"https:\/\/agoracivica.cat\/\",\"logo\":{\"@type\":\"ImageObject\",\"inLanguage\":\"en-US\",\"@id\":\"https:\/\/agoracivica.cat\/#\/schema\/logo\/image\/\",\"url\":\"https:\/\/agoracivica.cat\/wp-content\/uploads\/2025\/05\/Grupo-51.svg\",\"contentUrl\":\"https:\/\/agoracivica.cat\/wp-content\/uploads\/2025\/05\/Grupo-51.svg\",\"width\":1,\"height\":1,\"caption\":\"\u00c0gora C\u00edvica\"},\"image\":{\"@id\":\"https:\/\/agoracivica.cat\/#\/schema\/logo\/image\/\"}}]}<\/script>\n<!-- \/ Yoast SEO plugin. -->","yoast_head_json":{"title":"Plenary meetings and regional chapter meetings of IFACCA - \u00c0gora C\u00edvica","robots":{"index":"index","follow":"follow","max-snippet":"max-snippet:-1","max-image-preview":"max-image-preview:large","max-video-preview":"max-video-preview:-1"},"canonical":"https:\/\/agoracivica.cat\/en\/activitat\/participation-of-the-conca-in-the-ifacca-member-meeting-and-institutional-reception-of-welcome-within-the-framework-of-mondiacult\/","og_locale":"en_US","og_type":"article","og_title":"Plenary meetings and regional chapter meetings of IFACCA - \u00c0gora C\u00edvica","og_description":"As part of Mondiacult 2025 and \u00c0gora in a network, the International Federation of Arts Councils and Culture Agencies (IFACCA) will hold several meetings in Barcelona, including plenary sessions and meetings of its various regional chapters.","og_url":"https:\/\/agoracivica.cat\/en\/activitat\/participation-of-the-conca-in-the-ifacca-member-meeting-and-institutional-reception-of-welcome-within-the-framework-of-mondiacult\/","og_site_name":"\u00c0gora C\u00edvica","article_modified_time":"2025-09-25T13:53:58+00:00","og_image":[{"width":1080,"height":1389,"url":"https:\/\/agoracivica.cat\/wp-content\/uploads\/2025\/07\/Eix_Altres.jpg","type":"image\/jpeg"}],"twitter_card":"summary_large_image","schema":{"@context":"https:\/\/schema.org","@graph":[{"@type":"WebPage","@id":"https:\/\/agoracivica.cat\/en\/activitat\/participation-of-the-conca-in-the-ifacca-member-meeting-and-institutional-reception-of-welcome-within-the-framework-of-mondiacult\/","url":"https:\/\/agoracivica.cat\/en\/activitat\/participation-of-the-conca-in-the-ifacca-member-meeting-and-institutional-reception-of-welcome-within-the-framework-of-mondiacult\/","name":"Plenary meetings and regional chapter meetings of IFACCA - \u00c0gora C\u00edvica","isPartOf":{"@id":"https:\/\/agoracivica.cat\/#website"},"primaryImageOfPage":{"@id":"https:\/\/agoracivica.cat\/en\/activitat\/participation-of-the-conca-in-the-ifacca-member-meeting-and-institutional-reception-of-welcome-within-the-framework-of-mondiacult\/#primaryimage"},"image":{"@id":"https:\/\/agoracivica.cat\/en\/activitat\/participation-of-the-conca-in-the-ifacca-member-meeting-and-institutional-reception-of-welcome-within-the-framework-of-mondiacult\/#primaryimage"},"thumbnailUrl":"https:\/\/agoracivica.cat\/wp-content\/uploads\/2025\/07\/Eix_Altres.jpg","datePublished":"2025-08-19T07:47:00+00:00","dateModified":"2025-09-25T13:53:58+00:00","breadcrumb":{"@id":"https:\/\/agoracivica.cat\/en\/activitat\/participation-of-the-conca-in-the-ifacca-member-meeting-and-institutional-reception-of-welcome-within-the-framework-of-mondiacult\/#breadcrumb"},"inLanguage":"en-US","potentialAction":[{"@type":"ReadAction","target":["https:\/\/agoracivica.cat\/en\/activitat\/participation-of-the-conca-in-the-ifacca-member-meeting-and-institutional-reception-of-welcome-within-the-framework-of-mondiacult\/"]}]},{"@type":"ImageObject","inLanguage":"en-US","@id":"https:\/\/agoracivica.cat\/en\/activitat\/participation-of-the-conca-in-the-ifacca-member-meeting-and-institutional-reception-of-welcome-within-the-framework-of-mondiacult\/#primaryimage","url":"https:\/\/agoracivica.cat\/wp-content\/uploads\/2025\/07\/Eix_Altres.jpg","contentUrl":"https:\/\/agoracivica.cat\/wp-content\/uploads\/2025\/07\/Eix_Altres.jpg","width":1080,"height":1389},{"@type":"BreadcrumbList","@id":"https:\/\/agoracivica.cat\/en\/activitat\/participation-of-the-conca-in-the-ifacca-member-meeting-and-institutional-reception-of-welcome-within-the-framework-of-mondiacult\/#breadcrumb","itemListElement":[{"@type":"ListItem","position":1,"name":"Inici","item":"https:\/\/agoracivica.cat\/"},{"@type":"ListItem","position":2,"name":"Plenary meetings and regional chapter meetings of IFACCA"}]},{"@type":"WebSite","@id":"https:\/\/agoracivica.cat\/#website","url":"https:\/\/agoracivica.cat\/","name":"\u00c0gora C\u00edvica","description":"Programa d&#039;activitats","publisher":{"@id":"https:\/\/agoracivica.cat\/#organization"},"potentialAction":[{"@type":"SearchAction","target":{"@type":"EntryPoint","urlTemplate":"https:\/\/agoracivica.cat\/?s={search_term_string}"},"query-input":{"@type":"PropertyValueSpecification","valueRequired":true,"valueName":"search_term_string"}}],"inLanguage":"en-US"},{"@type":"Organization","@id":"https:\/\/agoracivica.cat\/#organization","name":"\u00c0gora C\u00edvica","url":"https:\/\/agoracivica.cat\/","logo":{"@type":"ImageObject","inLanguage":"en-US","@id":"https:\/\/agoracivica.cat\/#\/schema\/logo\/image\/","url":"https:\/\/agoracivica.cat\/wp-content\/uploads\/2025\/05\/Grupo-51.svg","contentUrl":"https:\/\/agoracivica.cat\/wp-content\/uploads\/2025\/05\/Grupo-51.svg","width":1,"height":1,"caption":"\u00c0gora C\u00edvica"},"image":{"@id":"https:\/\/agoracivica.cat\/#\/schema\/logo\/image\/"}}]}},"_links":{"self":[{"href":"https:\/\/agoracivica.cat\/en\/wp-json\/wp\/v2\/activitat\/5653","targetHints":{"allow":["GET"]}}],"collection":[{"href":"https:\/\/agoracivica.cat\/en\/wp-json\/wp\/v2\/activitat"}],"about":[{"href":"https:\/\/agoracivica.cat\/en\/wp-json\/wp\/v2\/types\/activitat"}],"wp:featuredmedia":[{"embeddable":true,"href":"https:\/\/agoracivica.cat\/en\/wp-json\/wp\/v2\/media\/2776"}],"wp:attachment":[{"href":"https:\/\/agoracivica.cat\/en\/wp-json\/wp\/v2\/media?parent=5653"}],"wp:term":[{"taxonomy":"bloc-activitat","embeddable":true,"href":"https:\/\/agoracivica.cat\/en\/wp-json\/wp\/v2\/bloc-activitat?post=5653"},{"taxonomy":"data","embeddable":true,"href":"https:\/\/agoracivica.cat\/en\/wp-json\/wp\/v2\/data?post=5653"},{"taxonomy":"eix","embeddable":true,"href":"https:\/\/agoracivica.cat\/en\/wp-json\/wp\/v2\/eix?post=5653"},{"taxonomy":"format","embeddable":true,"href":"https:\/\/agoracivica.cat\/en\/wp-json\/wp\/v2\/format?post=5653"},{"taxonomy":"franja-horaria","embeddable":true,"href":"https:\/\/agoracivica.cat\/en\/wp-json\/wp\/v2\/franja-horaria?post=5653"},{"taxonomy":"tipus-activitat","embeddable":true,"href":"https:\/\/agoracivica.cat\/en\/wp-json\/wp\/v2\/tipus-activitat?post=5653"}],"curies":[{"name":"wp","href":"https:\/\/api.w.org\/{rel}","templated":true}]}}

<p>As part of Mondiacult 2025 and Àgora in a network, the International Federation of Arts Councils and Culture Agencies (IFACCA) will hold several meetings in Barcelona, including plenary sessions and meetings of its various regional chapters. The National Council for Culture and Arts of Catalonia (CoNCA), an active affiliate member of IFACCA since 2009, will participate in the meetings and present its work on arts and education during the final plenary session. These activities are supported by CoNCA and the Ministry of Culture. Attendance is restricted to IFACCA members.    </p>

<p>As part of Mondiacult 2025 and Àgora in a network, the International Federation of Arts Councils and Culture Agencies (IFACCA) will hold several meetings in Barcelona, including plenary sessions and meetings of its various regional chapters.</p>

<!-- This site is optimized with the Yoast SEO plugin v26.0 - https://yoast.com/wordpress/plugins/seo/ -->
<title>Plenary meetings and regional chapter meetings of IFACCA - Àgora Cívica</title>
<meta name="robots" content="index, follow, max-snippet:-1, max-image-preview:large, max-video-preview:-1" />
<link rel="canonical" href="https://agoracivica.cat/en/activitat/participation-of-the-conca-in-the-ifacca-member-meeting-and-institutional-reception-of-welcome-within-the-framework-of-mondiacult/" />
<meta property="og:locale" content="en_US" />
<meta property="og:type" content="article" />
<meta property="og:title" content="Plenary meetings and regional chapter meetings of IFACCA - Àgora Cívica" />
<meta property="og:description" content="As part of Mondiacult 2025 and Àgora in a network, the International Federation of Arts Councils and Culture Agencies (IFACCA) will hold several meetings in Barcelona, including plenary sessions and meetings of its various regional chapters." />
<meta property="og:url" content="https://agoracivica.cat/en/activitat/participation-of-the-conca-in-the-ifacca-member-meeting-and-institutional-reception-of-welcome-within-the-framework-of-mondiacult/" />
<meta property="og:site_name" content="Àgora Cívica" />
<meta property="article:modified_time" content="2025-09-25T13:53:58+00:00" />
<meta property="og:image" content="https://agoracivica.cat/wp-content/uploads/2025/07/Eix_Altres.jpg" />
	<meta property="og:image:width" content="1080" />
	<meta property="og:image:height" content="1389" />
	<meta property="og:image:type" content="image/jpeg" />
<meta name="twitter:card" content="summary_large_image" />
<script type="application/ld+json" class="yoast-schema-graph">{"@context":"https://schema.org","@graph":[{"@type":"WebPage","@id":"https://agoracivica.cat/en/activitat/participation-of-the-conca-in-the-ifacca-member-meeting-and-institutional-reception-of-welcome-within-the-framework-of-mondiacult/","url":"https://agoracivica.cat/en/activitat/participation-of-the-conca-in-the-ifacca-member-meeting-and-institutional-reception-of-welcome-within-the-framework-of-mondiacult/","name":"Plenary meetings and regional chapter meetings of IFACCA - Àgora Cívica","isPartOf":{"@id":"https://agoracivica.cat/#website"},"primaryImageOfPage":{"@id":"https://agoracivica.cat/en/activitat/participation-of-the-conca-in-the-ifacca-member-meeting-and-institutional-reception-of-welcome-within-the-framework-of-mondiacult/#primaryimage"},"image":{"@id":"https://agoracivica.cat/en/activitat/participation-of-the-conca-in-the-ifacca-member-meeting-and-institutional-reception-of-welcome-within-the-framework-of-mondiacult/#primaryimage"},"thumbnailUrl":"https://agoracivica.cat/wp-content/uploads/2025/07/Eix_Altres.jpg","datePublished":"2025-08-19T07:47:00+00:00","dateModified":"2025-09-25T13:53:58+00:00","breadcrumb":{"@id":"https://agoracivica.cat/en/activitat/participation-of-the-conca-in-the-ifacca-member-meeting-and-institutional-reception-of-welcome-within-the-framework-of-mondiacult/#breadcrumb"},"inLanguage":"en-US","potentialAction":[{"@type":"ReadAction","target":["https://agoracivica.cat/en/activitat/participation-of-the-conca-in-the-ifacca-member-meeting-and-institutional-reception-of-welcome-within-the-framework-of-mondiacult/"]}]},{"@type":"ImageObject","inLanguage":"en-US","@id":"https://agoracivica.cat/en/activitat/participation-of-the-conca-in-the-ifacca-member-meeting-and-institutional-reception-of-welcome-within-the-framework-of-mondiacult/#primaryimage","url":"https://agoracivica.cat/wp-content/uploads/2025/07/Eix_Altres.jpg","contentUrl":"https://agoracivica.cat/wp-content/uploads/2025/07/Eix_Altres.jpg","width":1080,"height":1389},{"@type":"BreadcrumbList","@id":"https://agoracivica.cat/en/activitat/participation-of-the-conca-in-the-ifacca-member-meeting-and-institutional-reception-of-welcome-within-the-framework-of-mondiacult/#breadcrumb","itemListElement":[{"@type":"ListItem","position":1,"name":"Inici","item":"https://agoracivica.cat/"},{"@type":"ListItem","position":2,"name":"Plenary meetings and regional chapter meetings of IFACCA"}]},{"@type":"WebSite","@id":"https://agoracivica.cat/#website","url":"https://agoracivica.cat/","name":"Àgora Cívica","description":"Programa d&#039;activitats","publisher":{"@id":"https://agoracivica.cat/#organization"},"potentialAction":[{"@type":"SearchAction","target":{"@type":"EntryPoint","urlTemplate":"https://agoracivica.cat/?s={search_term_string}"},"query-input":{"@type":"PropertyValueSpecification","valueRequired":true,"valueName":"search_term_string"}}],"inLanguage":"en-US"},{"@type":"Organization","@id":"https://agoracivica.cat/#organization","name":"Àgora Cívica","url":"https://agoracivica.cat/","logo":{"@type":"ImageObject","inLanguage":"en-US","@id":"https://agoracivica.cat/#/schema/logo/image/","url":"https://agoracivica.cat/wp-content/uploads/2025/05/Grupo-51.svg","contentUrl":"https://agoracivica.cat/wp-content/uploads/2025/05/Grupo-51.svg","width":1,"height":1,"caption":"Àgora Cívica"},"image":{"@id":"https://agoracivica.cat/#/schema/logo/image/"}}]}</script>
<!-- / Yoast SEO plugin. -->

Plenary meetings and regional chapter meetings of IFACCA - Àgora Cívica

As part of Mondiacult 2025 and Àgora in a network, the International Federation of Arts Councils and Culture Agencies (IFACCA) will hold several meetings in Barcelona, including plenary sessions and meetings of its various regional chapters.

Àgora Cívica
