{"id":13611,"date":"2025-09-24T09:51:52","date_gmt":"2025-09-24T09:51:52","guid":{"rendered":"https:\/\/agoracivica.cat\/activitat\/presentacion-de-culturacoop-y-de-su-decalogo\/"},"modified":"2025-09-24T09:51:52","modified_gmt":"2025-09-24T09:51:52","slug":"presentacion-de-culturacoop-y-de-su-decalogo","status":"publish","type":"activitat","link":"https:\/\/agoracivica.cat\/es\/activitat\/presentacion-de-culturacoop-y-de-su-decalogo\/","title":{"rendered":"Presentaci\u00f3n de CulturaCoop y de su dec\u00e1logo"},"content":{"rendered":"<p>Presentaci\u00f3n de CulturaCoop, la sectorial de cultura de la Federaci\u00f3n de Cooperativas de Trabajo de Catalu\u00f1a, y de su dec\u00e1logo por una cultura transformadora, arraigada y con derechos. Compartir\u00e1n las bases de un modelo cultural cooperativo que apuesta por la descentralizaci\u00f3n, el trabajo digno y la participaci\u00f3n colectiva. Una invitaci\u00f3n a repensar las pol\u00edticas culturales desde el cooperativismo y la econom\u00eda social.  <\/p>\n","protected":false},"excerpt":{"rendered":"<p>Presentaci\u00f3n de CulturaCoop, la sectorial de cultura de la Federaci\u00f3n de Cooperativas de Trabajo de Catalu\u00f1a, y de su dec\u00e1logo por una cultura transformadora, arraigada y con derechos.<\/p>\n","protected":false},"featured_media":2779,"template":"","format":[215],"meta":{"_acf_changed":false,"_et_pb_use_builder":"","_et_pb_old_content":"","_et_gb_content_width":""},"bloc-activitat":[],"data":[110],"eix":[115],"franja-horaria":[146],"tipus-activitat":[150],"class_list":["post-13611","activitat","type-activitat","status-publish","has-post-thumbnail","hentry","data-30-09-2025-es","eix-otros","format-presentacion-es","franja-horaria-tarde-es","tipus-activitat-agora-civica-es"],"acf":[],"yoast_head":"<!-- This site is optimized with the Yoast SEO plugin v26.0 - https:\/\/yoast.com\/wordpress\/plugins\/seo\/ -->\n<title>Presentaci\u00f3n de CulturaCoop y de su dec\u00e1logo - \u00c0gora C\u00edvica<\/title>\n<meta name=\"robots\" content=\"index, follow, max-snippet:-1, max-image-preview:large, max-video-preview:-1\" \/>\n<link rel=\"canonical\" href=\"https:\/\/agoracivica.cat\/activitat\/presentacion-de-culturacoop-y-de-su-decalogo\/\" \/>\n<meta property=\"og:locale\" content=\"es_ES\" \/>\n<meta property=\"og:type\" content=\"article\" \/>\n<meta property=\"og:title\" content=\"Presentaci\u00f3n de CulturaCoop y de su dec\u00e1logo - \u00c0gora C\u00edvica\" \/>\n<meta property=\"og:description\" content=\"Presentaci\u00f3n de CulturaCoop, la sectorial de cultura de la Federaci\u00f3n de Cooperativas de Trabajo de Catalu\u00f1a, y de su dec\u00e1logo por una cultura transformadora, arraigada y con derechos.\" \/>\n<meta property=\"og:url\" content=\"https:\/\/agoracivica.cat\/activitat\/presentacion-de-culturacoop-y-de-su-decalogo\/\" \/>\n<meta property=\"og:site_name\" content=\"\u00c0gora C\u00edvica\" \/>\n<meta name=\"twitter:card\" content=\"summary_large_image\" \/>\n<script type=\"application\/ld+json\" class=\"yoast-schema-graph\">{\"@context\":\"https:\/\/schema.org\",\"@graph\":[{\"@type\":\"WebPage\",\"@id\":\"https:\/\/agoracivica.cat\/activitat\/presentacion-de-culturacoop-y-de-su-decalogo\/\",\"url\":\"https:\/\/agoracivica.cat\/activitat\/presentacion-de-culturacoop-y-de-su-decalogo\/\",\"name\":\"Presentaci\u00f3n de CulturaCoop y de su dec\u00e1logo - \u00c0gora C\u00edvica\",\"isPartOf\":{\"@id\":\"https:\/\/agoracivica.cat\/#website\"},\"primaryImageOfPage\":{\"@id\":\"https:\/\/agoracivica.cat\/activitat\/presentacion-de-culturacoop-y-de-su-decalogo\/#primaryimage\"},\"image\":{\"@id\":\"https:\/\/agoracivica.cat\/activitat\/presentacion-de-culturacoop-y-de-su-decalogo\/#primaryimage\"},\"thumbnailUrl\":\"https:\/\/agoracivica.cat\/wp-content\/uploads\/2025\/07\/Eix_Altres.jpg\",\"datePublished\":\"2025-09-24T09:51:52+00:00\",\"breadcrumb\":{\"@id\":\"https:\/\/agoracivica.cat\/activitat\/presentacion-de-culturacoop-y-de-su-decalogo\/#breadcrumb\"},\"inLanguage\":\"es\",\"potentialAction\":[{\"@type\":\"ReadAction\",\"target\":[\"https:\/\/agoracivica.cat\/activitat\/presentacion-de-culturacoop-y-de-su-decalogo\/\"]}]},{\"@type\":\"ImageObject\",\"inLanguage\":\"es\",\"@id\":\"https:\/\/agoracivica.cat\/activitat\/presentacion-de-culturacoop-y-de-su-decalogo\/#primaryimage\",\"url\":\"https:\/\/agoracivica.cat\/wp-content\/uploads\/2025\/07\/Eix_Altres.jpg\",\"contentUrl\":\"https:\/\/agoracivica.cat\/wp-content\/uploads\/2025\/07\/Eix_Altres.jpg\",\"width\":1080,\"height\":1389},{\"@type\":\"BreadcrumbList\",\"@id\":\"https:\/\/agoracivica.cat\/activitat\/presentacion-de-culturacoop-y-de-su-decalogo\/#breadcrumb\",\"itemListElement\":[{\"@type\":\"ListItem\",\"position\":1,\"name\":\"Inici\",\"item\":\"https:\/\/agoracivica.cat\/\"},{\"@type\":\"ListItem\",\"position\":2,\"name\":\"Presentaci\u00f3n de CulturaCoop y de su dec\u00e1logo\"}]},{\"@type\":\"WebSite\",\"@id\":\"https:\/\/agoracivica.cat\/#website\",\"url\":\"https:\/\/agoracivica.cat\/\",\"name\":\"\u00c0gora C\u00edvica\",\"description\":\"Programa d&#039;activitats\",\"publisher\":{\"@id\":\"https:\/\/agoracivica.cat\/#organization\"},\"potentialAction\":[{\"@type\":\"SearchAction\",\"target\":{\"@type\":\"EntryPoint\",\"urlTemplate\":\"https:\/\/agoracivica.cat\/?s={search_term_string}\"},\"query-input\":{\"@type\":\"PropertyValueSpecification\",\"valueRequired\":true,\"valueName\":\"search_term_string\"}}],\"inLanguage\":\"es\"},{\"@type\":\"Organization\",\"@id\":\"https:\/\/agoracivica.cat\/#organization\",\"name\":\"\u00c0gora C\u00edvica\",\"url\":\"https:\/\/agoracivica.cat\/\",\"logo\":{\"@type\":\"ImageObject\",\"inLanguage\":\"es\",\"@id\":\"https:\/\/agoracivica.cat\/#\/schema\/logo\/image\/\",\"url\":\"https:\/\/agoracivica.cat\/wp-content\/uploads\/2025\/05\/Grupo-51.svg\",\"contentUrl\":\"https:\/\/agoracivica.cat\/wp-content\/uploads\/2025\/05\/Grupo-51.svg\",\"width\":1,\"height\":1,\"caption\":\"\u00c0gora C\u00edvica\"},\"image\":{\"@id\":\"https:\/\/agoracivica.cat\/#\/schema\/logo\/image\/\"}}]}<\/script>\n<!-- \/ Yoast SEO plugin. -->","yoast_head_json":{"title":"Presentaci\u00f3n de CulturaCoop y de su dec\u00e1logo - \u00c0gora C\u00edvica","robots":{"index":"index","follow":"follow","max-snippet":"max-snippet:-1","max-image-preview":"max-image-preview:large","max-video-preview":"max-video-preview:-1"},"canonical":"https:\/\/agoracivica.cat\/activitat\/presentacion-de-culturacoop-y-de-su-decalogo\/","og_locale":"es_ES","og_type":"article","og_title":"Presentaci\u00f3n de CulturaCoop y de su dec\u00e1logo - \u00c0gora C\u00edvica","og_description":"Presentaci\u00f3n de CulturaCoop, la sectorial de cultura de la Federaci\u00f3n de Cooperativas de Trabajo de Catalu\u00f1a, y de su dec\u00e1logo por una cultura transformadora, arraigada y con derechos.","og_url":"https:\/\/agoracivica.cat\/activitat\/presentacion-de-culturacoop-y-de-su-decalogo\/","og_site_name":"\u00c0gora C\u00edvica","twitter_card":"summary_large_image","schema":{"@context":"https:\/\/schema.org","@graph":[{"@type":"WebPage","@id":"https:\/\/agoracivica.cat\/activitat\/presentacion-de-culturacoop-y-de-su-decalogo\/","url":"https:\/\/agoracivica.cat\/activitat\/presentacion-de-culturacoop-y-de-su-decalogo\/","name":"Presentaci\u00f3n de CulturaCoop y de su dec\u00e1logo - \u00c0gora C\u00edvica","isPartOf":{"@id":"https:\/\/agoracivica.cat\/#website"},"primaryImageOfPage":{"@id":"https:\/\/agoracivica.cat\/activitat\/presentacion-de-culturacoop-y-de-su-decalogo\/#primaryimage"},"image":{"@id":"https:\/\/agoracivica.cat\/activitat\/presentacion-de-culturacoop-y-de-su-decalogo\/#primaryimage"},"thumbnailUrl":"https:\/\/agoracivica.cat\/wp-content\/uploads\/2025\/07\/Eix_Altres.jpg","datePublished":"2025-09-24T09:51:52+00:00","breadcrumb":{"@id":"https:\/\/agoracivica.cat\/activitat\/presentacion-de-culturacoop-y-de-su-decalogo\/#breadcrumb"},"inLanguage":"es","potentialAction":[{"@type":"ReadAction","target":["https:\/\/agoracivica.cat\/activitat\/presentacion-de-culturacoop-y-de-su-decalogo\/"]}]},{"@type":"ImageObject","inLanguage":"es","@id":"https:\/\/agoracivica.cat\/activitat\/presentacion-de-culturacoop-y-de-su-decalogo\/#primaryimage","url":"https:\/\/agoracivica.cat\/wp-content\/uploads\/2025\/07\/Eix_Altres.jpg","contentUrl":"https:\/\/agoracivica.cat\/wp-content\/uploads\/2025\/07\/Eix_Altres.jpg","width":1080,"height":1389},{"@type":"BreadcrumbList","@id":"https:\/\/agoracivica.cat\/activitat\/presentacion-de-culturacoop-y-de-su-decalogo\/#breadcrumb","itemListElement":[{"@type":"ListItem","position":1,"name":"Inici","item":"https:\/\/agoracivica.cat\/"},{"@type":"ListItem","position":2,"name":"Presentaci\u00f3n de CulturaCoop y de su dec\u00e1logo"}]},{"@type":"WebSite","@id":"https:\/\/agoracivica.cat\/#website","url":"https:\/\/agoracivica.cat\/","name":"\u00c0gora C\u00edvica","description":"Programa d&#039;activitats","publisher":{"@id":"https:\/\/agoracivica.cat\/#organization"},"potentialAction":[{"@type":"SearchAction","target":{"@type":"EntryPoint","urlTemplate":"https:\/\/agoracivica.cat\/?s={search_term_string}"},"query-input":{"@type":"PropertyValueSpecification","valueRequired":true,"valueName":"search_term_string"}}],"inLanguage":"es"},{"@type":"Organization","@id":"https:\/\/agoracivica.cat\/#organization","name":"\u00c0gora C\u00edvica","url":"https:\/\/agoracivica.cat\/","logo":{"@type":"ImageObject","inLanguage":"es","@id":"https:\/\/agoracivica.cat\/#\/schema\/logo\/image\/","url":"https:\/\/agoracivica.cat\/wp-content\/uploads\/2025\/05\/Grupo-51.svg","contentUrl":"https:\/\/agoracivica.cat\/wp-content\/uploads\/2025\/05\/Grupo-51.svg","width":1,"height":1,"caption":"\u00c0gora C\u00edvica"},"image":{"@id":"https:\/\/agoracivica.cat\/#\/schema\/logo\/image\/"}}]}},"_links":{"self":[{"href":"https:\/\/agoracivica.cat\/es\/wp-json\/wp\/v2\/activitat\/13611","targetHints":{"allow":["GET"]}}],"collection":[{"href":"https:\/\/agoracivica.cat\/es\/wp-json\/wp\/v2\/activitat"}],"about":[{"href":"https:\/\/agoracivica.cat\/es\/wp-json\/wp\/v2\/types\/activitat"}],"wp:featuredmedia":[{"embeddable":true,"href":"https:\/\/agoracivica.cat\/es\/wp-json\/wp\/v2\/media\/2779"}],"wp:attachment":[{"href":"https:\/\/agoracivica.cat\/es\/wp-json\/wp\/v2\/media?parent=13611"}],"wp:term":[{"taxonomy":"bloc-activitat","embeddable":true,"href":"https:\/\/agoracivica.cat\/es\/wp-json\/wp\/v2\/bloc-activitat?post=13611"},{"taxonomy":"data","embeddable":true,"href":"https:\/\/agoracivica.cat\/es\/wp-json\/wp\/v2\/data?post=13611"},{"taxonomy":"eix","embeddable":true,"href":"https:\/\/agoracivica.cat\/es\/wp-json\/wp\/v2\/eix?post=13611"},{"taxonomy":"format","embeddable":true,"href":"https:\/\/agoracivica.cat\/es\/wp-json\/wp\/v2\/format?post=13611"},{"taxonomy":"franja-horaria","embeddable":true,"href":"https:\/\/agoracivica.cat\/es\/wp-json\/wp\/v2\/franja-horaria?post=13611"},{"taxonomy":"tipus-activitat","embeddable":true,"href":"https:\/\/agoracivica.cat\/es\/wp-json\/wp\/v2\/tipus-activitat?post=13611"}],"curies":[{"name":"wp","href":"https:\/\/api.w.org\/{rel}","templated":true}]}}

Presentación de CulturaCoop y de su decálogo

<p>Presentación de CulturaCoop, la sectorial de cultura de la Federación de Cooperativas de Trabajo de Cataluña, y de su decálogo por una cultura transformadora, arraigada y con derechos. Compartirán las bases de un modelo cultural cooperativo que apuesta por la descentralización, el trabajo digno y la participación colectiva. Una invitación a repensar las políticas culturales desde el cooperativismo y la economía social.  </p>

<p>Presentación de CulturaCoop, la sectorial de cultura de la Federación de Cooperativas de Trabajo de Cataluña, y de su decálogo por una cultura transformadora, arraigada y con derechos.</p>

<!-- This site is optimized with the Yoast SEO plugin v26.0 - https://yoast.com/wordpress/plugins/seo/ -->
<title>Presentación de CulturaCoop y de su decálogo - Àgora Cívica</title>
<meta name="robots" content="index, follow, max-snippet:-1, max-image-preview:large, max-video-preview:-1" />
<link rel="canonical" href="https://agoracivica.cat/activitat/presentacion-de-culturacoop-y-de-su-decalogo/" />
<meta property="og:locale" content="es_ES" />
<meta property="og:type" content="article" />
<meta property="og:title" content="Presentación de CulturaCoop y de su decálogo - Àgora Cívica" />
<meta property="og:description" content="Presentación de CulturaCoop, la sectorial de cultura de la Federación de Cooperativas de Trabajo de Cataluña, y de su decálogo por una cultura transformadora, arraigada y con derechos." />
<meta property="og:url" content="https://agoracivica.cat/activitat/presentacion-de-culturacoop-y-de-su-decalogo/" />
<meta property="og:site_name" content="Àgora Cívica" />
<meta name="twitter:card" content="summary_large_image" />
<script type="application/ld+json" class="yoast-schema-graph">{"@context":"https://schema.org","@graph":[{"@type":"WebPage","@id":"https://agoracivica.cat/activitat/presentacion-de-culturacoop-y-de-su-decalogo/","url":"https://agoracivica.cat/activitat/presentacion-de-culturacoop-y-de-su-decalogo/","name":"Presentación de CulturaCoop y de su decálogo - Àgora Cívica","isPartOf":{"@id":"https://agoracivica.cat/#website"},"primaryImageOfPage":{"@id":"https://agoracivica.cat/activitat/presentacion-de-culturacoop-y-de-su-decalogo/#primaryimage"},"image":{"@id":"https://agoracivica.cat/activitat/presentacion-de-culturacoop-y-de-su-decalogo/#primaryimage"},"thumbnailUrl":"https://agoracivica.cat/wp-content/uploads/2025/07/Eix_Altres.jpg","datePublished":"2025-09-24T09:51:52+00:00","breadcrumb":{"@id":"https://agoracivica.cat/activitat/presentacion-de-culturacoop-y-de-su-decalogo/#breadcrumb"},"inLanguage":"es","potentialAction":[{"@type":"ReadAction","target":["https://agoracivica.cat/activitat/presentacion-de-culturacoop-y-de-su-decalogo/"]}]},{"@type":"ImageObject","inLanguage":"es","@id":"https://agoracivica.cat/activitat/presentacion-de-culturacoop-y-de-su-decalogo/#primaryimage","url":"https://agoracivica.cat/wp-content/uploads/2025/07/Eix_Altres.jpg","contentUrl":"https://agoracivica.cat/wp-content/uploads/2025/07/Eix_Altres.jpg","width":1080,"height":1389},{"@type":"BreadcrumbList","@id":"https://agoracivica.cat/activitat/presentacion-de-culturacoop-y-de-su-decalogo/#breadcrumb","itemListElement":[{"@type":"ListItem","position":1,"name":"Inici","item":"https://agoracivica.cat/"},{"@type":"ListItem","position":2,"name":"Presentación de CulturaCoop y de su decálogo"}]},{"@type":"WebSite","@id":"https://agoracivica.cat/#website","url":"https://agoracivica.cat/","name":"Àgora Cívica","description":"Programa d&#039;activitats","publisher":{"@id":"https://agoracivica.cat/#organization"},"potentialAction":[{"@type":"SearchAction","target":{"@type":"EntryPoint","urlTemplate":"https://agoracivica.cat/?s={search_term_string}"},"query-input":{"@type":"PropertyValueSpecification","valueRequired":true,"valueName":"search_term_string"}}],"inLanguage":"es"},{"@type":"Organization","@id":"https://agoracivica.cat/#organization","name":"Àgora Cívica","url":"https://agoracivica.cat/","logo":{"@type":"ImageObject","inLanguage":"es","@id":"https://agoracivica.cat/#/schema/logo/image/","url":"https://agoracivica.cat/wp-content/uploads/2025/05/Grupo-51.svg","contentUrl":"https://agoracivica.cat/wp-content/uploads/2025/05/Grupo-51.svg","width":1,"height":1,"caption":"Àgora Cívica"},"image":{"@id":"https://agoracivica.cat/#/schema/logo/image/"}}]}</script>
<!-- / Yoast SEO plugin. -->

Presentación de CulturaCoop y de su decálogo - Àgora Cívica

Presentación de CulturaCoop, la sectorial de cultura de la Federación de Cooperativas de Trabajo de Cataluña, y de su decálogo por una cultura transformadora, arraigada y con derechos.

Àgora Cívica
