{"id":7911,"date":"2025-07-30T11:20:39","date_gmt":"2025-07-30T11:20:39","guid":{"rendered":"https:\/\/agoracivica.cat\/activitat\/culturas-en-resistencia-dreches-en-bastiment-cabaret-de-projectes-de-la-seleccion-culturopolis-2025\/"},"modified":"2025-09-23T14:41:28","modified_gmt":"2025-09-23T14:41:28","slug":"culturas-en-resistencia-dreches-en-bastiment-cabaret-de-projectes-de-la-seleccion-culturopolis-2025","status":"publish","type":"activitat","link":"https:\/\/agoracivica.cat\/oc\/activitat\/culturas-en-resistencia-dreches-en-bastiment-cabaret-de-projectes-de-la-seleccion-culturopolis-2025\/","title":{"rendered":"Culturas en resist\u00e9ncia, dreches en bastiment. Cabaret de proj\u00e8ctes de la seleccion Culturopolis 2025"},"content":{"rendered":"<p>Coss\u00ed se conn\u00e8ctan la cultura e l\u2019abitatge? E la santat, la migracion, la descentralizacion, lo feminisme o l\u2019accion comunit\u00e0ria? Aquesta activitat recampa una seleccion de proj\u00e8ctes que, a comptar de div\u00e8rses territ\u00f2ris e practicas, articulan la cultura coma aisina per la transformacion sociala e coma espaci a comptar del qual defendre autres dreches fondamentals. Son d\u2019iniciativas que donan vida als principis e articles reculhits dins la Declaracion de Barcelona pels Dreches culturals, e qu\u2019exemplifican coma aqueles dreches prenon forma a comptar de la practica. Lo format ser\u00e0 lo de pechakucha, una dinamica agila de presentacion que combina 20 images amb 20 segonds per diapositiva. Cada proj\u00e8cte dispausar\u00e0 d\u2019un pauc mai de 10 minutas per s\u2019explicar, en recreant un cabaret d\u2019iniciativas transformadoiras.     <\/p>\n","protected":false},"excerpt":{"rendered":"<p>Aquesta activitat recampa una seleccion de proj\u00e8ctes que, a comptar de div\u00e8rses territ\u00f2ris e practicas, articulan la cultura coma aisina per la transformacion sociala e coma espaci a comptar del qual defendre autres dreches fondamentals.<\/p>\n","protected":false},"featured_media":2778,"template":"","format":[202],"meta":{"_acf_changed":false,"_et_pb_use_builder":"","_et_pb_old_content":"","_et_gb_content_width":""},"bloc-activitat":[],"data":[109],"eix":[117],"franja-horaria":[149],"tipus-activitat":[153],"class_list":["post-7911","activitat","type-activitat","status-publish","has-post-thumbnail","hentry","data-30-09-2025-oc","eix-altres-oc","format-mostra-oc","franja-horaria-tarde","tipus-activitat-agora-civica-oc"],"acf":[],"yoast_head":"<!-- This site is optimized with the Yoast SEO plugin v26.0 - https:\/\/yoast.com\/wordpress\/plugins\/seo\/ -->\n<title>Culturas en resist\u00e9ncia, dreches en bastiment. Cabaret de proj\u00e8ctes de la seleccion Culturopolis 2025 - \u00c0gora C\u00edvica<\/title>\n<meta name=\"robots\" content=\"index, follow, max-snippet:-1, max-image-preview:large, max-video-preview:-1\" \/>\n<link rel=\"canonical\" href=\"https:\/\/agoracivica.cat\/oc\/activitat\/culturas-en-resistencia-dreches-en-bastiment-cabaret-de-projectes-de-la-seleccion-culturopolis-2025\/\" \/>\n<meta property=\"og:locale\" content=\"en_US\" \/>\n<meta property=\"og:type\" content=\"article\" \/>\n<meta property=\"og:title\" content=\"Culturas en resist\u00e9ncia, dreches en bastiment. Cabaret de proj\u00e8ctes de la seleccion Culturopolis 2025 - \u00c0gora C\u00edvica\" \/>\n<meta property=\"og:description\" content=\"Aquesta activitat recampa una seleccion de proj\u00e8ctes que, a comptar de div\u00e8rses territ\u00f2ris e practicas, articulan la cultura coma aisina per la transformacion sociala e coma espaci a comptar del qual defendre autres dreches fondamentals.\" \/>\n<meta property=\"og:url\" content=\"https:\/\/agoracivica.cat\/oc\/activitat\/culturas-en-resistencia-dreches-en-bastiment-cabaret-de-projectes-de-la-seleccion-culturopolis-2025\/\" \/>\n<meta property=\"og:site_name\" content=\"\u00c0gora C\u00edvica\" \/>\n<meta property=\"article:modified_time\" content=\"2025-09-23T14:41:28+00:00\" \/>\n<meta property=\"og:image\" content=\"https:\/\/agoracivica.cat\/wp-content\/uploads\/2025\/07\/Eix_Altres.jpg\" \/>\n\t<meta property=\"og:image:width\" content=\"1080\" \/>\n\t<meta property=\"og:image:height\" content=\"1389\" \/>\n\t<meta property=\"og:image:type\" content=\"image\/jpeg\" \/>\n<meta name=\"twitter:card\" content=\"summary_large_image\" \/>\n<meta name=\"twitter:label1\" content=\"Est. reading time\" \/>\n\t<meta name=\"twitter:data1\" content=\"1 minute\" \/>\n<script type=\"application\/ld+json\" class=\"yoast-schema-graph\">{\"@context\":\"https:\/\/schema.org\",\"@graph\":[{\"@type\":\"WebPage\",\"@id\":\"https:\/\/agoracivica.cat\/oc\/activitat\/culturas-en-resistencia-dreches-en-bastiment-cabaret-de-projectes-de-la-seleccion-culturopolis-2025\/\",\"url\":\"https:\/\/agoracivica.cat\/oc\/activitat\/culturas-en-resistencia-dreches-en-bastiment-cabaret-de-projectes-de-la-seleccion-culturopolis-2025\/\",\"name\":\"Culturas en resist\u00e9ncia, dreches en bastiment. Cabaret de proj\u00e8ctes de la seleccion Culturopolis 2025 - \u00c0gora C\u00edvica\",\"isPartOf\":{\"@id\":\"https:\/\/agoracivica.cat\/#website\"},\"primaryImageOfPage\":{\"@id\":\"https:\/\/agoracivica.cat\/oc\/activitat\/culturas-en-resistencia-dreches-en-bastiment-cabaret-de-projectes-de-la-seleccion-culturopolis-2025\/#primaryimage\"},\"image\":{\"@id\":\"https:\/\/agoracivica.cat\/oc\/activitat\/culturas-en-resistencia-dreches-en-bastiment-cabaret-de-projectes-de-la-seleccion-culturopolis-2025\/#primaryimage\"},\"thumbnailUrl\":\"https:\/\/agoracivica.cat\/wp-content\/uploads\/2025\/07\/Eix_Altres.jpg\",\"datePublished\":\"2025-07-30T11:20:39+00:00\",\"dateModified\":\"2025-09-23T14:41:28+00:00\",\"breadcrumb\":{\"@id\":\"https:\/\/agoracivica.cat\/oc\/activitat\/culturas-en-resistencia-dreches-en-bastiment-cabaret-de-projectes-de-la-seleccion-culturopolis-2025\/#breadcrumb\"},\"inLanguage\":\"oc\",\"potentialAction\":[{\"@type\":\"ReadAction\",\"target\":[\"https:\/\/agoracivica.cat\/oc\/activitat\/culturas-en-resistencia-dreches-en-bastiment-cabaret-de-projectes-de-la-seleccion-culturopolis-2025\/\"]}]},{\"@type\":\"ImageObject\",\"inLanguage\":\"oc\",\"@id\":\"https:\/\/agoracivica.cat\/oc\/activitat\/culturas-en-resistencia-dreches-en-bastiment-cabaret-de-projectes-de-la-seleccion-culturopolis-2025\/#primaryimage\",\"url\":\"https:\/\/agoracivica.cat\/wp-content\/uploads\/2025\/07\/Eix_Altres.jpg\",\"contentUrl\":\"https:\/\/agoracivica.cat\/wp-content\/uploads\/2025\/07\/Eix_Altres.jpg\",\"width\":1080,\"height\":1389},{\"@type\":\"BreadcrumbList\",\"@id\":\"https:\/\/agoracivica.cat\/oc\/activitat\/culturas-en-resistencia-dreches-en-bastiment-cabaret-de-projectes-de-la-seleccion-culturopolis-2025\/#breadcrumb\",\"itemListElement\":[{\"@type\":\"ListItem\",\"position\":1,\"name\":\"Inici\",\"item\":\"https:\/\/agoracivica.cat\/\"},{\"@type\":\"ListItem\",\"position\":2,\"name\":\"Culturas en resist\u00e9ncia, dreches en bastiment. Cabaret de proj\u00e8ctes de la seleccion Culturopolis 2025\"}]},{\"@type\":\"WebSite\",\"@id\":\"https:\/\/agoracivica.cat\/#website\",\"url\":\"https:\/\/agoracivica.cat\/\",\"name\":\"\u00c0gora C\u00edvica\",\"description\":\"Programa d&#039;activitats\",\"publisher\":{\"@id\":\"https:\/\/agoracivica.cat\/#organization\"},\"potentialAction\":[{\"@type\":\"SearchAction\",\"target\":{\"@type\":\"EntryPoint\",\"urlTemplate\":\"https:\/\/agoracivica.cat\/?s={search_term_string}\"},\"query-input\":{\"@type\":\"PropertyValueSpecification\",\"valueRequired\":true,\"valueName\":\"search_term_string\"}}],\"inLanguage\":\"oc\"},{\"@type\":\"Organization\",\"@id\":\"https:\/\/agoracivica.cat\/#organization\",\"name\":\"\u00c0gora C\u00edvica\",\"url\":\"https:\/\/agoracivica.cat\/\",\"logo\":{\"@type\":\"ImageObject\",\"inLanguage\":\"oc\",\"@id\":\"https:\/\/agoracivica.cat\/#\/schema\/logo\/image\/\",\"url\":\"https:\/\/agoracivica.cat\/wp-content\/uploads\/2025\/05\/Grupo-51.svg\",\"contentUrl\":\"https:\/\/agoracivica.cat\/wp-content\/uploads\/2025\/05\/Grupo-51.svg\",\"width\":1,\"height\":1,\"caption\":\"\u00c0gora C\u00edvica\"},\"image\":{\"@id\":\"https:\/\/agoracivica.cat\/#\/schema\/logo\/image\/\"}}]}<\/script>\n<!-- \/ Yoast SEO plugin. -->","yoast_head_json":{"title":"Culturas en resist\u00e9ncia, dreches en bastiment. Cabaret de proj\u00e8ctes de la seleccion Culturopolis 2025 - \u00c0gora C\u00edvica","robots":{"index":"index","follow":"follow","max-snippet":"max-snippet:-1","max-image-preview":"max-image-preview:large","max-video-preview":"max-video-preview:-1"},"canonical":"https:\/\/agoracivica.cat\/oc\/activitat\/culturas-en-resistencia-dreches-en-bastiment-cabaret-de-projectes-de-la-seleccion-culturopolis-2025\/","og_locale":"en_US","og_type":"article","og_title":"Culturas en resist\u00e9ncia, dreches en bastiment. Cabaret de proj\u00e8ctes de la seleccion Culturopolis 2025 - \u00c0gora C\u00edvica","og_description":"Aquesta activitat recampa una seleccion de proj\u00e8ctes que, a comptar de div\u00e8rses territ\u00f2ris e practicas, articulan la cultura coma aisina per la transformacion sociala e coma espaci a comptar del qual defendre autres dreches fondamentals.","og_url":"https:\/\/agoracivica.cat\/oc\/activitat\/culturas-en-resistencia-dreches-en-bastiment-cabaret-de-projectes-de-la-seleccion-culturopolis-2025\/","og_site_name":"\u00c0gora C\u00edvica","article_modified_time":"2025-09-23T14:41:28+00:00","og_image":[{"width":1080,"height":1389,"url":"https:\/\/agoracivica.cat\/wp-content\/uploads\/2025\/07\/Eix_Altres.jpg","type":"image\/jpeg"}],"twitter_card":"summary_large_image","twitter_misc":{"Est. reading time":"1 minute"},"schema":{"@context":"https:\/\/schema.org","@graph":[{"@type":"WebPage","@id":"https:\/\/agoracivica.cat\/oc\/activitat\/culturas-en-resistencia-dreches-en-bastiment-cabaret-de-projectes-de-la-seleccion-culturopolis-2025\/","url":"https:\/\/agoracivica.cat\/oc\/activitat\/culturas-en-resistencia-dreches-en-bastiment-cabaret-de-projectes-de-la-seleccion-culturopolis-2025\/","name":"Culturas en resist\u00e9ncia, dreches en bastiment. Cabaret de proj\u00e8ctes de la seleccion Culturopolis 2025 - \u00c0gora C\u00edvica","isPartOf":{"@id":"https:\/\/agoracivica.cat\/#website"},"primaryImageOfPage":{"@id":"https:\/\/agoracivica.cat\/oc\/activitat\/culturas-en-resistencia-dreches-en-bastiment-cabaret-de-projectes-de-la-seleccion-culturopolis-2025\/#primaryimage"},"image":{"@id":"https:\/\/agoracivica.cat\/oc\/activitat\/culturas-en-resistencia-dreches-en-bastiment-cabaret-de-projectes-de-la-seleccion-culturopolis-2025\/#primaryimage"},"thumbnailUrl":"https:\/\/agoracivica.cat\/wp-content\/uploads\/2025\/07\/Eix_Altres.jpg","datePublished":"2025-07-30T11:20:39+00:00","dateModified":"2025-09-23T14:41:28+00:00","breadcrumb":{"@id":"https:\/\/agoracivica.cat\/oc\/activitat\/culturas-en-resistencia-dreches-en-bastiment-cabaret-de-projectes-de-la-seleccion-culturopolis-2025\/#breadcrumb"},"inLanguage":"oc","potentialAction":[{"@type":"ReadAction","target":["https:\/\/agoracivica.cat\/oc\/activitat\/culturas-en-resistencia-dreches-en-bastiment-cabaret-de-projectes-de-la-seleccion-culturopolis-2025\/"]}]},{"@type":"ImageObject","inLanguage":"oc","@id":"https:\/\/agoracivica.cat\/oc\/activitat\/culturas-en-resistencia-dreches-en-bastiment-cabaret-de-projectes-de-la-seleccion-culturopolis-2025\/#primaryimage","url":"https:\/\/agoracivica.cat\/wp-content\/uploads\/2025\/07\/Eix_Altres.jpg","contentUrl":"https:\/\/agoracivica.cat\/wp-content\/uploads\/2025\/07\/Eix_Altres.jpg","width":1080,"height":1389},{"@type":"BreadcrumbList","@id":"https:\/\/agoracivica.cat\/oc\/activitat\/culturas-en-resistencia-dreches-en-bastiment-cabaret-de-projectes-de-la-seleccion-culturopolis-2025\/#breadcrumb","itemListElement":[{"@type":"ListItem","position":1,"name":"Inici","item":"https:\/\/agoracivica.cat\/"},{"@type":"ListItem","position":2,"name":"Culturas en resist\u00e9ncia, dreches en bastiment. Cabaret de proj\u00e8ctes de la seleccion Culturopolis 2025"}]},{"@type":"WebSite","@id":"https:\/\/agoracivica.cat\/#website","url":"https:\/\/agoracivica.cat\/","name":"\u00c0gora C\u00edvica","description":"Programa d&#039;activitats","publisher":{"@id":"https:\/\/agoracivica.cat\/#organization"},"potentialAction":[{"@type":"SearchAction","target":{"@type":"EntryPoint","urlTemplate":"https:\/\/agoracivica.cat\/?s={search_term_string}"},"query-input":{"@type":"PropertyValueSpecification","valueRequired":true,"valueName":"search_term_string"}}],"inLanguage":"oc"},{"@type":"Organization","@id":"https:\/\/agoracivica.cat\/#organization","name":"\u00c0gora C\u00edvica","url":"https:\/\/agoracivica.cat\/","logo":{"@type":"ImageObject","inLanguage":"oc","@id":"https:\/\/agoracivica.cat\/#\/schema\/logo\/image\/","url":"https:\/\/agoracivica.cat\/wp-content\/uploads\/2025\/05\/Grupo-51.svg","contentUrl":"https:\/\/agoracivica.cat\/wp-content\/uploads\/2025\/05\/Grupo-51.svg","width":1,"height":1,"caption":"\u00c0gora C\u00edvica"},"image":{"@id":"https:\/\/agoracivica.cat\/#\/schema\/logo\/image\/"}}]}},"_links":{"self":[{"href":"https:\/\/agoracivica.cat\/oc\/wp-json\/wp\/v2\/activitat\/7911","targetHints":{"allow":["GET"]}}],"collection":[{"href":"https:\/\/agoracivica.cat\/oc\/wp-json\/wp\/v2\/activitat"}],"about":[{"href":"https:\/\/agoracivica.cat\/oc\/wp-json\/wp\/v2\/types\/activitat"}],"wp:featuredmedia":[{"embeddable":true,"href":"https:\/\/agoracivica.cat\/oc\/wp-json\/wp\/v2\/media\/2778"}],"wp:attachment":[{"href":"https:\/\/agoracivica.cat\/oc\/wp-json\/wp\/v2\/media?parent=7911"}],"wp:term":[{"taxonomy":"bloc-activitat","embeddable":true,"href":"https:\/\/agoracivica.cat\/oc\/wp-json\/wp\/v2\/bloc-activitat?post=7911"},{"taxonomy":"data","embeddable":true,"href":"https:\/\/agoracivica.cat\/oc\/wp-json\/wp\/v2\/data?post=7911"},{"taxonomy":"eix","embeddable":true,"href":"https:\/\/agoracivica.cat\/oc\/wp-json\/wp\/v2\/eix?post=7911"},{"taxonomy":"format","embeddable":true,"href":"https:\/\/agoracivica.cat\/oc\/wp-json\/wp\/v2\/format?post=7911"},{"taxonomy":"franja-horaria","embeddable":true,"href":"https:\/\/agoracivica.cat\/oc\/wp-json\/wp\/v2\/franja-horaria?post=7911"},{"taxonomy":"tipus-activitat","embeddable":true,"href":"https:\/\/agoracivica.cat\/oc\/wp-json\/wp\/v2\/tipus-activitat?post=7911"}],"curies":[{"name":"wp","href":"https:\/\/api.w.org\/{rel}","templated":true}]}}

Culturas en resisténcia, dreches en bastiment. Cabaret de projèctes de la seleccion Culturopolis 2025

<p>Cossí se connèctan la cultura e l’abitatge? E la santat, la migracion, la descentralizacion, lo feminisme o l’accion comunitària? Aquesta activitat recampa una seleccion de projèctes que, a comptar de divèrses territòris e practicas, articulan la cultura coma aisina per la transformacion sociala e coma espaci a comptar del qual defendre autres dreches fondamentals. Son d’iniciativas que donan vida als principis e articles reculhits dins la Declaracion de Barcelona pels Dreches culturals, e qu’exemplifican coma aqueles dreches prenon forma a comptar de la practica. Lo format serà lo de pechakucha, una dinamica agila de presentacion que combina 20 images amb 20 segonds per diapositiva. Cada projècte dispausarà d’un pauc mai de 10 minutas per s’explicar, en recreant un cabaret d’iniciativas transformadoiras.     </p>

<p>Aquesta activitat recampa una seleccion de projèctes que, a comptar de divèrses territòris e practicas, articulan la cultura coma aisina per la transformacion sociala e coma espaci a comptar del qual defendre autres dreches fondamentals.</p>

<!-- This site is optimized with the Yoast SEO plugin v26.0 - https://yoast.com/wordpress/plugins/seo/ -->
<title>Culturas en resisténcia, dreches en bastiment. Cabaret de projèctes de la seleccion Culturopolis 2025 - Àgora Cívica</title>
<meta name="robots" content="index, follow, max-snippet:-1, max-image-preview:large, max-video-preview:-1" />
<link rel="canonical" href="https://agoracivica.cat/oc/activitat/culturas-en-resistencia-dreches-en-bastiment-cabaret-de-projectes-de-la-seleccion-culturopolis-2025/" />
<meta property="og:locale" content="en_US" />
<meta property="og:type" content="article" />
<meta property="og:title" content="Culturas en resisténcia, dreches en bastiment. Cabaret de projèctes de la seleccion Culturopolis 2025 - Àgora Cívica" />
<meta property="og:description" content="Aquesta activitat recampa una seleccion de projèctes que, a comptar de divèrses territòris e practicas, articulan la cultura coma aisina per la transformacion sociala e coma espaci a comptar del qual defendre autres dreches fondamentals." />
<meta property="og:url" content="https://agoracivica.cat/oc/activitat/culturas-en-resistencia-dreches-en-bastiment-cabaret-de-projectes-de-la-seleccion-culturopolis-2025/" />
<meta property="og:site_name" content="Àgora Cívica" />
<meta property="article:modified_time" content="2025-09-23T14:41:28+00:00" />
<meta property="og:image" content="https://agoracivica.cat/wp-content/uploads/2025/07/Eix_Altres.jpg" />
	<meta property="og:image:width" content="1080" />
	<meta property="og:image:height" content="1389" />
	<meta property="og:image:type" content="image/jpeg" />
<meta name="twitter:card" content="summary_large_image" />
<meta name="twitter:label1" content="Est. reading time" />
	<meta name="twitter:data1" content="1 minute" />
<script type="application/ld+json" class="yoast-schema-graph">{"@context":"https://schema.org","@graph":[{"@type":"WebPage","@id":"https://agoracivica.cat/oc/activitat/culturas-en-resistencia-dreches-en-bastiment-cabaret-de-projectes-de-la-seleccion-culturopolis-2025/","url":"https://agoracivica.cat/oc/activitat/culturas-en-resistencia-dreches-en-bastiment-cabaret-de-projectes-de-la-seleccion-culturopolis-2025/","name":"Culturas en resisténcia, dreches en bastiment. Cabaret de projèctes de la seleccion Culturopolis 2025 - Àgora Cívica","isPartOf":{"@id":"https://agoracivica.cat/#website"},"primaryImageOfPage":{"@id":"https://agoracivica.cat/oc/activitat/culturas-en-resistencia-dreches-en-bastiment-cabaret-de-projectes-de-la-seleccion-culturopolis-2025/#primaryimage"},"image":{"@id":"https://agoracivica.cat/oc/activitat/culturas-en-resistencia-dreches-en-bastiment-cabaret-de-projectes-de-la-seleccion-culturopolis-2025/#primaryimage"},"thumbnailUrl":"https://agoracivica.cat/wp-content/uploads/2025/07/Eix_Altres.jpg","datePublished":"2025-07-30T11:20:39+00:00","dateModified":"2025-09-23T14:41:28+00:00","breadcrumb":{"@id":"https://agoracivica.cat/oc/activitat/culturas-en-resistencia-dreches-en-bastiment-cabaret-de-projectes-de-la-seleccion-culturopolis-2025/#breadcrumb"},"inLanguage":"oc","potentialAction":[{"@type":"ReadAction","target":["https://agoracivica.cat/oc/activitat/culturas-en-resistencia-dreches-en-bastiment-cabaret-de-projectes-de-la-seleccion-culturopolis-2025/"]}]},{"@type":"ImageObject","inLanguage":"oc","@id":"https://agoracivica.cat/oc/activitat/culturas-en-resistencia-dreches-en-bastiment-cabaret-de-projectes-de-la-seleccion-culturopolis-2025/#primaryimage","url":"https://agoracivica.cat/wp-content/uploads/2025/07/Eix_Altres.jpg","contentUrl":"https://agoracivica.cat/wp-content/uploads/2025/07/Eix_Altres.jpg","width":1080,"height":1389},{"@type":"BreadcrumbList","@id":"https://agoracivica.cat/oc/activitat/culturas-en-resistencia-dreches-en-bastiment-cabaret-de-projectes-de-la-seleccion-culturopolis-2025/#breadcrumb","itemListElement":[{"@type":"ListItem","position":1,"name":"Inici","item":"https://agoracivica.cat/"},{"@type":"ListItem","position":2,"name":"Culturas en resisténcia, dreches en bastiment. Cabaret de projèctes de la seleccion Culturopolis 2025"}]},{"@type":"WebSite","@id":"https://agoracivica.cat/#website","url":"https://agoracivica.cat/","name":"Àgora Cívica","description":"Programa d&#039;activitats","publisher":{"@id":"https://agoracivica.cat/#organization"},"potentialAction":[{"@type":"SearchAction","target":{"@type":"EntryPoint","urlTemplate":"https://agoracivica.cat/?s={search_term_string}"},"query-input":{"@type":"PropertyValueSpecification","valueRequired":true,"valueName":"search_term_string"}}],"inLanguage":"oc"},{"@type":"Organization","@id":"https://agoracivica.cat/#organization","name":"Àgora Cívica","url":"https://agoracivica.cat/","logo":{"@type":"ImageObject","inLanguage":"oc","@id":"https://agoracivica.cat/#/schema/logo/image/","url":"https://agoracivica.cat/wp-content/uploads/2025/05/Grupo-51.svg","contentUrl":"https://agoracivica.cat/wp-content/uploads/2025/05/Grupo-51.svg","width":1,"height":1,"caption":"Àgora Cívica"},"image":{"@id":"https://agoracivica.cat/#/schema/logo/image/"}}]}</script>
<!-- / Yoast SEO plugin. -->

Culturas en resisténcia, dreches en bastiment. Cabaret de projèctes de la seleccion Culturopolis 2025 - Àgora Cívica

Aquesta activitat recampa una seleccion de projèctes que, a comptar de divèrses territòris e practicas, articulan la cultura coma aisina per la transformacion sociala e coma espaci a comptar del qual defendre autres dreches fondamentals.

Àgora Cívica
